13 = 0. List the prime factors of k.
2
Let t be ((-20)/3)/((-1)/6). Let a be -12 + 12 + (1 - 1). Suppose a*r - 2*r = 3*b - 20, -3*b + t = 4*r. What are the prime factors of r?
2, 5
Suppose 6 = 3*q, 2*s - q = -0 + 2. Suppose 2*z + 98 = s*l + 4*z, 3*l + 2*z = 148. What are the prime factors of l?
2, 5
Suppose -r + 0*s = 2*s - 30, 4*r + 3*s = 95. What are the prime factors of r?
2, 5
Let f be ((-15)/(-6) - 2)*-2. Let x = f - -10. What are the prime factors of x?
3
Let u(m) = m + 4. Let f be u(-4). Suppose -p + 3 + 6 = f. What are the prime factors of p?
3
Suppose 4*i = 20, -4*t + 22 = -2*t + 2*i. Suppose m + 3 = t. List the prime factors of 6/(-15)*-5*m.
2, 3
Suppose 0 = z - 1 + 2, 5*x - 129 = 4*z. Suppose 4*q = 65 - x. List the prime factors of 62/q + (-2)/10.
2, 3
Suppose 0*w = -4*w + 12. Suppose -3*c = -w*l + 26 + 19, 2*c = -10. List the prime factors of l.
2, 5
Let y = -82 + 168. What are the prime factors of y?
2, 43
Let q(p) = -3*p**3 + 19*p**2 - 3*p + 1. What are the prime factors of q(6)?
19
Let t = 18 - 13. Let l(k) = -6*k**3 - 2*k + 3*k**3 - 4*k**2 + 4*k**3 - 6. What are the prime factors of l(t)?
3
Let z = 133 + -91. List the prime factors of z.
2, 3, 7
Let u(l) = l**3 - 4*l**2 - l + 7. What are the prime factors of u(5)?
3
Let k be (2/6)/(2/24). Suppose 12 = k*s + 5*j - 2*j, -2*s - 2*j = -4. Let q(p) = 3*p - 7. List the prime factors of q(s).
11
Let k(p) = 0*p + 2*p**2 - p + 0*p - p**2. List the prime factors of k(2).
2
Suppose -36 = -2*v + 2. Suppose -h + 0*h + v = 0. List the prime factors of h.
19
Suppose -h - 2*w - 6 = -0*w, -w - 9 = -h. List the prime factors of h.
2
List the prime factors of 1 + 3 + 23/((-23)/(-162)).
2, 83
Suppose -2*w + 6 = w. Suppose -w*u - 17 = -43. List the prime factors of u.
13
List the prime factors of (324/189)/((-2)/(-182)).
2, 3, 13
Suppose f + 15 + 1 = 3*d, 0 = f + 5*d. Let w be -6*((-3)/2 + 2). List the prime factors of (2 + f)*w/4.
2, 3
Suppose -q + 71 = 29. List the prime factors of q.
2, 3, 7
Let r = 138 + -67. What are the prime factors of r?
71
What are the prime factors of (-27580)/(-100) + (-1)/(-5)?
2, 3, 23
What are the prime factors of (-135)/(-4) + 30/(-40)?
3, 11
Let o(n) = 4*n**3 + n**2 - 1. Let t be o(1). Suppose 10 = d - t. List the prime factors of d.
2, 7
Let h(n) be the second derivative of n**3/6 + n. Let r be h(7). Let w = r - -2. List the prime factors of w.
3
Let t be (-1 - -7)*(4 + 2). Let o = 22 + -16. Suppose -3*u + t = o. What are the prime factors of u?
2, 5
Suppose -3*c = 3*w - 87, -2*c - 3*w - 137 = -6*c. What are the prime factors of c?
2
Let j = 48 - 24. What are the prime factors of j?
2, 3
Suppose 0 = -4*o + 6*o. Suppose 3*z - 91 + 40 = o. What are the prime factors of z?
17
List the prime factors of (72/28)/(3/28).
2, 3
Suppose -3 - 1 = -2*a. Let y(i) = -2 + 0 - 1 + a*i. List the prime factors of y(3).
3
Let d = -49 + 105. Suppose 5*m - 20 = -5*k, 3*m - d = -m + 4*k. List the prime factors of m.
3
Let i(m) = m**2 + 4*m - 1. Let q be i(-5). Let g be 6/(-10)*1*(-18 + 3). Suppose 3*r = q*r - g. What are the prime factors of r?
3
Suppose 7*k - 2*k - 85 = 0. List the prime factors of k.
17
Let l = -1 + 1. Suppose 0*h + 4*h + d = 46, l = -d - 2. What are the prime factors of h?
2, 3
Let t(d) = -d - 4. Let o(b) = b**2 - 7*b - 7. Let u be o(7). Let i be t(u). Let j = i - -5. What are the prime factors of j?
2
Let b(q) = q**2 - 4*q - 2. Let p = 15 - 9. List the prime factors of b(p).
2, 5
What are the prime factors of 1/3 - 530/(-3)?
3, 59
Let g be 2/(-6) - (-36)/27. List the prime factors of 11/3 + g/3.
2
Let j(o) = -o**2 - 1. Let z be j(0). Let u(p) = -p**2 + p. Let v(x) = -7*x**2 + 8*x + 4. Let q(n) = z*v(n) + 6*u(n). What are the prime factors of q(5)?
11
Let v = 667 - 441. List the prime factors of v.
2, 113
Suppose s - 6 = -0*s. Let y(n) = n**2 + n - 5. List the prime factors of y(s).
37
Let i = 3 + -2. List the prime factors of 2/i - (2 - 4).
2
Suppose 5*j - 3*b = 18, -4*j - 2 = -4*b - 18. Suppose -7 = -2*s - j. Suppose s*v + 2*v - 36 = 0. What are the prime factors of v?
3
Suppose 49 = -2*b + 17. What are the prime factors of ((-36)/(-10))/(b/(-40))?
3
Suppose g + j = 1 - 3, -3*j = g + 10. Suppose -g*d + 60 = 2*d. List the prime factors of d.
3, 5
Suppose -q - 3*z - 2*z = -3, z - 6 = -2*q. List the prime factors of (q - -10)*1/1.
13
Let g(i) be the third derivative of -i**5/60 + 7*i**4/24 + i**3 - i**2. What are the prime factors of g(7)?
2, 3
Suppose k - 4 = 2. List the prime factors of k.
2, 3
Suppose -5*s - 125 = -20. Let o = 38 + s. What are the prime factors of o?
17
Let d = -15 + 27. List the prime factors of d.
2, 3
Suppose 444 = -13*c + 16*c. Suppose -5*y = -4*n - 211, -3*y + c = -4*n + 23. What are the prime factors of y?
43
Let v = 5 - 7. What are the prime factors of (-2 - 2)*11/v?
2, 11
Let r(h) = h**3 + 5*h**2 - 7*h - 6. Let d be r(-6). Suppose 4*m - 2*u = -3*u + 49, -5*m - 4*u + 75 = d. What are the prime factors of m?
11
Let a(f) = 14 - 10*f + 3*f**2 - 3*f**2 - f**2. Suppose -2 = 5*k + 48. What are the prime factors of a(k)?
2, 7
Let k(o) = -205*o**3 + 2*o + 1. What are the prime factors of k(-1)?
2, 3, 17
Let a(i) = -i - 5. Let h be a(-5). Suppose -2*o + h = -2. What are the prime factors of (o*13)/(6 - 5)?
13
Let a(v) = v - 14. Let f be a(16). Suppose 17 = f*j - 45. List the prime factors of j.
31
Suppose i = -0*i + 6. Suppose 0*b + b - i = 0. List the prime factors of b.
2, 3
Let g be 1*((-2)/(-1) + 3). Suppose -2*m = -g*m. Let j(a) = a**3 - a**2 + a + 11. List the prime factors of j(m).
11
Suppose 3*n - 2*i = 11 + 6, 4*n + 4*i + 4 = 0. Suppose 0*j = -n*j + 24. What are the prime factors of j?
2
Suppose 5*v = -3*b - 27, 3*v - 2 = -b - 19. Let l = v - -17. Suppose l = a + 3*c, -27 = -3*a - c + 6. List the prime factors of a.
11
Suppose 0 = u + 2*j - 13, 5*u - 3 = -2*j + 30. Let w = u - 10. Let c = w - -8. List the prime factors of c.
3
Suppose 3*p + 2*p = n + 36, -p = n - 6. What are the prime factors of p?
7
Let u(p) = p**3 + p**2 + p + 3. Let w be u(0). Suppose h - 20 = -5*d, 0 = -0*d + 5*d - w*h. What are the prime factors of d?
3
Let u(q) = q**3 - 2*q + 1. Suppose -2*k + 6 = 2. What are the prime factors of u(k)?
5
Let o(m) = m**3 - m**2 - 2*m - 4. Let f be o(3). Suppose -5*y + 5 = -0. What are the prime factors of (4/8)/(y/f)?
2
Suppose 3*i + 4*m + 106 = -566, 4*i + 2*m + 906 = 0. List the prime factors of 2/(-7) + i/(-14).
2
Let y be 1764/27 + (-4)/(-6). What are the prime factors of (y/4)/(2/4)?
3, 11
Suppose -2*i + 5 + 19 = 0. Let o = -7 + i. What are the prime factors of o?
5
Suppose c + g - 7 = 0, 0*c + c + 3*g = 11. Let h(s) = -4*s + 0*s**2 + 2*s**2 - s**2 + c. List the prime factors of h(6).
17
Suppose 20 = -4*f, h = -3*h - 5*f - 1. Let p be (-2)/3*(-27)/h. Suppose 65 = 5*o + v, -p*o - v + 14 = -25. List the prime factors of o.
13
Suppose 4*o - 22 = -2*h, 3*h - 6*h = -4*o - 3. Suppose -4*t + 6*k - 2*k = -36, -35 = -o*t - k. What are the prime factors of t?
11
Let v = 9 - 30. Let p be (1 + v/(-15))*5. Suppose -4*t = -t - 4*a - 36, -4*a + p = 0. What are the prime factors of t?
2
What are the prime factors of -12 + 9 - (-49)/1?
2, 23
Suppose -4*h - 15 = 73. Let s = h + 57. What are the prime factors of s?
5, 7
Let c = -6 + 7. What are the prime factors of -3 + 54/3*c?
3, 5
Suppose 67 = x - 42. List the prime factors of x.
109
Let v = 166 - 129. List the prime factors of v.
37
Let v = -6 - -9. List the prime factors of 66*(10/(-4) + v).
3, 11
Let a(g) = g**3 - 10*g**2 - 4*g - 15. What are the prime factors of a(11)?
2, 31
Let o(s) = s - 6. Let j be o(6). Suppose h + a - 3*a - 21 = 0, j = 3*a - 9. List the prime factors of h.
3
What are the prime factors of 1/4 - (-8030)/40?
3, 67
Let l(d) = d**2 + 5*d - 3. Let o be (-39)/(-13) + (0 - -1). What are the prime factors of l(o)?
3, 11
Suppose 87 = 3*x - 0*p + 2*p, 0 = 2*x - p - 58. List the prime factors of x.
29
Let t be (-60)/(-2)*16/(-20). Let l = 14 + t. What are the prime factors of 33/2 - 5/l?
17
Let w = -23 - -65. Suppose 4*g - 5*g = -w. Suppose 2*b = x - 4*x + 29, 4*x - g = -3*b. List the prime factors of b.
2, 5
Suppose u + 3*f = 8, 6*u - 68 = 2*u - 3*f. Suppose u = 2*g + 4. Suppose 2*d - g = d. List the prime factors of d.
2
Suppose 0*y - 5*y + 5 = 0. Suppose -y = v - 7. List the p